{"id":7828,"date":"2023-02-23T14:04:44","date_gmt":"2023-02-23T14:04:44","guid":{"rendered":"https:\/\/escolapiosalcala.es\/ea_centro\/ea_blog\/centro\/?page_id=7828"},"modified":"2023-02-23T14:05:56","modified_gmt":"2023-02-23T14:05:56","slug":"puertas-abiertas-virtual-etapas","status":"publish","type":"page","link":"https:\/\/escolapiosalcala.es\/ea_centro\/ea_blog\/centro\/puertas-abiertas-virtual-etapas\/","title":{"rendered":"Puertas abiertas virtual etapas"},"content":{"rendered":"<div class=\"section-title-col\" data-type=\"column\">\n<h2 class=\"\">Conoce nuestro colegio<\/h2>\n<\/div>\n\n\n<figure class=\"wp-block-embed-youtube wp-block-embed is-type-video is-provider-youtube wp-embed-aspect-16-9 wp-has-aspect-ratio\"><div class=\"wp-block-embed__wrapper\">\n<div class='embed-container'><iframe loading=\"lazy\" title=\"Puertas Abiertas Escuelas P\u00edas Alcal\u00e1 de Henares 2022\" width=\"1920\" height=\"1080\" src=\"https:\/\/www.youtube.com\/embed\/t257RBzPETA?feature=oembed\" frameborder=\"0\" allow=\"accelerometer; autoplay; clipboard-write; encrypted-media; gyroscope; picture-in-picture; web-share\" allowfullscreen><\/iframe><\/div>\n<\/div><\/figure>\n\n\n<div><a class=\"button blue\" href=\"https:\/\/escolapiosalcala.es\/ea_centro\/ea_blog\/centro\/puertas-abiertas-virtual-formulario-de-contacto\/\" target=\"_blank\" rel=\"noopener noreferrer\" data-cp-link=\"1\">Formulario de contacto<\/a><\/div>\n<div id=\"team-2\" class=\"team-2 content-section content-section-spacing\" style=\"background-color: #ffffff; background-image: none;\" data-label=\"Team\" data-id=\"team-2\" data-export-id=\"team-2\" data-category=\"team\">\n<div class=\"gridContainer\">\n<div class=\"row spaced-cols content-center-sm\" data-type=\"row\">\n<div class=\"col-sm-6 col-md-3\">\n<div class=\"card y-move no-padding bordered\"><a href=\"http:\/\/escolapiosalcala.es\/ea_centro\/ea_blog\/centro\/jornada-de-puertas-abiertas-infantil\/\" target=\"_blank\" rel=\"noopener noreferrer\"><img decoding=\"async\" loading=\"lazy\" class=\"aligncenter size-full wp-image-4938\" src=\"http:\/\/escolapiosalcala.es\/ea_centro\/ea_blog\/centro\/wp-content\/uploads\/2020\/05\/PINF.png\" alt=\"\" width=\"768\" height=\"576\" srcset=\"https:\/\/escolapiosalcala.es\/ea_centro\/ea_blog\/centro\/wp-content\/uploads\/2020\/05\/PINF.png 768w, https:\/\/escolapiosalcala.es\/ea_centro\/ea_blog\/centro\/wp-content\/uploads\/2020\/05\/PINF-300x225.png 300w\" sizes=\"(max-width: 768px) 100vw, 768px\" \/><\/a><p><\/p>\n<div class=\"col-padding-small col-padding-small-xs description-container\" data-type=\"column\">\n<h3 class=\"font-500\"><strong>Ed. Infantil<\/strong><\/h3>\n<\/div>\n<\/div>\n<\/div>\n<div class=\"col-sm-6 col-md-3\">\n<div class=\"card y-move no-padding bordered\">\n<p><a href=\"http:\/\/escolapiosalcala.es\/ea_centro\/ea_blog\/centro\/puertas-abiertas-virtual-ed-primaria\/\" target=\"_blank\" rel=\"noopener noreferrer\"><img decoding=\"async\" loading=\"lazy\" class=\"aligncenter size-full wp-image-4940\" src=\"http:\/\/escolapiosalcala.es\/ea_centro\/ea_blog\/centro\/wp-content\/uploads\/2020\/05\/PPRI.png\" alt=\"\" width=\"768\" height=\"576\" srcset=\"https:\/\/escolapiosalcala.es\/ea_centro\/ea_blog\/centro\/wp-content\/uploads\/2020\/05\/PPRI.png 768w, https:\/\/escolapiosalcala.es\/ea_centro\/ea_blog\/centro\/wp-content\/uploads\/2020\/05\/PPRI-300x225.png 300w\" sizes=\"(max-width: 768px) 100vw, 768px\" \/><\/a><\/p>\n<div class=\"col-padding-small col-padding-small-xs description-container\" data-type=\"column\">\n<h3 class=\"font-500\"><strong>Ed. Primaria<\/strong><\/h3>\n<\/div>\n<\/div>\n<\/div>\n<div class=\"col-sm-6 col-md-3\">\n<div class=\"card y-move no-padding bordered\">\n<p><a href=\"http:\/\/escolapiosalcala.es\/ea_centro\/ea_blog\/centro\/puertas-abiertas-virtual-ed-secundaria\/\" target=\"_blank\" rel=\"noopener noreferrer\"><img decoding=\"async\" loading=\"lazy\" class=\"aligncenter size-full wp-image-4937\" src=\"http:\/\/escolapiosalcala.es\/ea_centro\/ea_blog\/centro\/wp-content\/uploads\/2020\/05\/PESO.png\" alt=\"\" width=\"768\" height=\"576\" srcset=\"https:\/\/escolapiosalcala.es\/ea_centro\/ea_blog\/centro\/wp-content\/uploads\/2020\/05\/PESO.png 768w, https:\/\/escolapiosalcala.es\/ea_centro\/ea_blog\/centro\/wp-content\/uploads\/2020\/05\/PESO-300x225.png 300w\" sizes=\"(max-width: 768px) 100vw, 768px\" \/><\/a><\/p>\n<div class=\"col-padding-small col-padding-small-xs description-container\" data-type=\"column\">\n<h3 class=\"font-500\"><strong>Ed. Secundaria<\/strong><\/h3>\n<\/div>\n<\/div>\n<\/div>\n<div class=\"col-sm-6 col-md-3\">\n<div class=\"card y-move no-padding bordered\">\n<p><a href=\"http:\/\/escolapiosalcala.es\/ea_centro\/ea_blog\/centro\/puertas-abiertas-virtual-ppme\/\" target=\"_blank\" rel=\"noopener noreferrer\"><img decoding=\"async\" loading=\"lazy\" class=\"aligncenter size-full wp-image-4939\" src=\"http:\/\/escolapiosalcala.es\/ea_centro\/ea_blog\/centro\/wp-content\/uploads\/2021\/02\/ppme21-1.jpg\" alt=\"\" width=\"768\" height=\"576\"><\/a><\/p>\n<div class=\"col-padding-small col-padding-small-xs description-container\" data-type=\"column\">\n<h3 class=\"font-500\"><strong>PPME<\/strong><\/h3>\n<\/div>\n<\/div>\n<\/div>\n<\/div>\n<\/div>\n<\/div>\n<div id=\"team-1\" class=\"team-2 content-section content-section-spacing\" style=\"background-color: #ffffff; background-image: none;\" data-label=\"Team\" data-id=\"team--1\" data-export-id=\"team-2\" data-category=\"team\">\n<div class=\"gridContainer\">\n<div class=\"row text-center\">\n<div class=\"section-title-col\" data-type=\"column\">&nbsp;<\/div>\n<\/div>\n<div class=\"row spaced-cols content-center-sm\" data-type=\"row\">\n<div class=\"col-sm-6 col-md-4 \">\n<div class=\"card y-move no-padding bordered\"><a href=\"http:\/\/escolapiosalcala.es\/ea_centro\/ea_blog\/centro\/puertas-abiertas-virtual-aulas-teas\/\" target=\"_blank\" rel=\"noopener noreferrer\"><img decoding=\"async\" loading=\"lazy\" class=\"aligncenter size-full wp-image-4938\" src=\"https:\/\/escolapiosalcala.es\/ea_centro\/ea_blog\/centro\/wp-content\/uploads\/2022\/03\/TEA.png\" alt=\"\" width=\"406\" height=\"296\"><\/a><p><\/p>\n<div class=\"col-padding-small col-padding-small-xs description-container\" data-type=\"column\">\n<h3 class=\"font-500\" style=\"text-align: center;\"><strong>Aulas de Apoyo Espec\u00edfico<\/strong><\/h3>\n<div class=\"social-icons-group\" data-type=\"group\">&nbsp;<\/div>\n<\/div>\n<\/div>\n<\/div>\n<div class=\"col-sm-6 col-md-4 \">\n<div class=\"card y-move no-padding bordered\"><a href=\"http:\/\/escolapiosalcala.es\/ea_centro\/ea_blog\/centro\/puertas-abiertas-virtual-doe\/\" target=\"_blank\" rel=\"noopener noreferrer\"><img decoding=\"async\" loading=\"lazy\" class=\"aligncenter size-full wp-image-4938\" src=\"http:\/\/escolapiosalcala.es\/ea_centro\/ea_blog\/centro\/wp-content\/uploads\/2021\/02\/DOE2.png\" alt=\"\" width=\"406\" height=\"296\"><\/a><p><\/p>\n<div class=\"col-padding-small col-padding-small-xs description-container\" data-type=\"column\">\n<h3 class=\"font-500\" style=\"text-align: center;\"><strong>Orientaci\u00f3n Educativa<\/strong><\/h3>\n<div class=\"social-icons-group\" data-type=\"group\">&nbsp;<\/div>\n<\/div>\n<\/div>\n<\/div>\n<div class=\"col-sm-6 col-md-4 \">\n<div class=\"card y-move no-padding bordered\"><img decoding=\"async\" loading=\"lazy\" class=\"aligncenter size-full wp-image-4938\" src=\"http:\/\/escolapiosalcala.es\/ea_centro\/ea_blog\/centro\/wp-content\/uploads\/2021\/02\/enfermeria2.png\" alt=\"\" width=\"406\" height=\"296\"><p><\/p>\n<div class=\"col-padding-small col-padding-small-xs description-container\" data-type=\"column\">\n<h3 class=\"font-500\" style=\"text-align: center;\"><strong>Enfermer\u00eda escolar<\/strong><\/h3>\n<div class=\"social-icons-group\" data-type=\"group\">&nbsp;<\/div>\n<\/div>\n<\/div>\n<\/div>\n<\/div>\n<\/div>\n<\/div>\n<div id=\"team-2\" class=\"team-2 content-section content-section-spacing\" style=\"background-color: #ffffff; background-image: none;\" data-label=\"Team\" data-id=\"team-2\" data-export-id=\"team-2\" data-category=\"team\">\n<div class=\"gridContainer\">\n<div class=\"row spaced-cols content-center-sm\" data-type=\"row\">\n<div class=\"col-sm-6 col-md-3\">&nbsp;<\/div>\n<div class=\"col-sm-6 col-md-3\">\n<div class=\"card y-move no-padding bordered\"><a href=\"http:\/\/escolapiosalcala.es\/ea_centro\/ea_blog\/centro\/puertas-abiertas-virtual-cdc-escolapios-alcala\/\" target=\"_blank\" rel=\"noopener noreferrer\"><img decoding=\"async\" loading=\"lazy\" class=\"aligncenter size-full wp-image-4938\" src=\"http:\/\/escolapiosalcala.es\/ea_centro\/ea_blog\/centro\/wp-content\/uploads\/2020\/06\/cdc2.png\" alt=\"\" width=\"768\" height=\"576\"><\/a><p><\/p>\n<div class=\"col-padding-small col-padding-small-xs description-container\" data-type=\"column\">\n<h3 class=\"font-500\"><strong>CDC Escolapios Alcal\u00e1<\/strong><\/h3>\n<\/div>\n<\/div>\n<\/div>\n<div class=\"col-sm-6 col-md-3\">\n<div class=\"card y-move no-padding bordered\"><a href=\"http:\/\/escolapiosalcala.es\/ea_centro\/ea_blog\/centro\/puertas-abiertas-virtual-actividades-extraescolares\/\" target=\"_blank\" rel=\"noopener noreferrer\"><img decoding=\"async\" loading=\"lazy\" class=\"aligncenter size-full wp-image-4940\" src=\"http:\/\/escolapiosalcala.es\/ea_centro\/ea_blog\/centro\/wp-content\/uploads\/2020\/02\/extraescolares1-2-1.png\" alt=\"\" width=\"768\" height=\"576\"><\/a><p><\/p>\n<div class=\"col-padding-small col-padding-small-xs description-container\" data-type=\"column\">\n<h3 class=\"font-500\"><strong>Actividades extraescolares<\/strong><\/h3>\n<\/div>\n<\/div>\n<\/div>\n<div class=\"col-sm-6 col-md-3\">&nbsp;<\/div>\n<\/div>\n<\/div>\n<\/div>","protected":false},"excerpt":{"rendered":"<p>Conoce nuestro colegio Formulario de contacto Ed. Infantil Ed. Primaria Ed. Secundaria PPME &nbsp; Aulas de Apoyo Espec\u00edfico &nbsp; Orientaci\u00f3n Educativa &nbsp; Enfermer\u00eda escolar &nbsp; &nbsp; CDC Escolapios Alcal\u00e1 Actividades extraescolares &nbsp;<\/p>\n","protected":false},"author":1,"featured_media":0,"parent":0,"menu_order":0,"comment_status":"closed","ping_status":"closed","template":"","meta":[],"_links":{"self":[{"href":"https:\/\/escolapiosalcala.es\/ea_centro\/ea_blog\/centro\/wp-json\/wp\/v2\/pages\/7828"}],"collection":[{"href":"https:\/\/escolapiosalcala.es\/ea_centro\/ea_blog\/centro\/wp-json\/wp\/v2\/pages"}],"about":[{"href":"https:\/\/escolapiosalcala.es\/ea_centro\/ea_blog\/centro\/wp-json\/wp\/v2\/types\/page"}],"author":[{"embeddable":true,"href":"https:\/\/escolapiosalcala.es\/ea_centro\/ea_blog\/centro\/wp-json\/wp\/v2\/users\/1"}],"replies":[{"embeddable":true,"href":"https:\/\/escolapiosalcala.es\/ea_centro\/ea_blog\/centro\/wp-json\/wp\/v2\/comments?post=7828"}],"version-history":[{"count":2,"href":"https:\/\/escolapiosalcala.es\/ea_centro\/ea_blog\/centro\/wp-json\/wp\/v2\/pages\/7828\/revisions"}],"predecessor-version":[{"id":7832,"href":"https:\/\/escolapiosalcala.es\/ea_centro\/ea_blog\/centro\/wp-json\/wp\/v2\/pages\/7828\/revisions\/7832"}],"wp:attachment":[{"href":"https:\/\/escolapiosalcala.es\/ea_centro\/ea_blog\/centro\/wp-json\/wp\/v2\/media?parent=7828"}],"curies":[{"name":"wp","href":"https:\/\/api.w.org\/{rel}","templated":true}]}}