{"id":71,"date":"2016-01-26T10:49:53","date_gmt":"2016-01-26T10:49:53","guid":{"rendered":"http:\/\/escolapiosalcala.es\/ea_centro\/ea_blog\/centro\/?page_id=71"},"modified":"2024-10-24T06:56:16","modified_gmt":"2024-10-24T05:56:16","slug":"educacion-primaria","status":"publish","type":"page","link":"https:\/\/escolapiosalcala.es\/ea_centro\/ea_blog\/centro\/educacion-primaria\/","title":{"rendered":"Educaci\u00f3n Primaria"},"content":{"rendered":"<h2><img decoding=\"async\" loading=\"lazy\" class=\"aligncenter size-full wp-image-1047\" src=\"https:\/\/escolapiosalcala.es\/ea_centro\/ea_blog\/centro\/wp-content\/uploads\/2024\/02\/foto-5.jpg\" alt=\"primaria_panoramica_marco\" width=\"1000\" height=\"442\"><\/h2>\n\n\n<div style=\"height:50px\" aria-hidden=\"true\" class=\"wp-block-spacer\"><\/div>\n\n\n<h2 style=\"text-align: left;\">0. Horario (jornada partida)<\/h2>\n<p style=\"text-align: justify;\">Jornada de ma\u00f1ana: <b>9.00h a 12:50h<\/b><br>Jornada de tarde: <b>15.00h a 16:40h<\/b><br>(A partir del curso 24-25)<\/p>\n<h2 style=\"text-align: left;\">1. Perfil de salida del alumno de Primaria<\/h2>\n<p style=\"text-align: justify;\">El horizonte de esta etapa es que nuestros alumnos desarrollen aquellas competencias y habilidades, tanto acad\u00e9micas (conocimientos, destrezas y actitudes abordadas desde las distintas \u00e1reas, \u00e1mbitos y materias que componen el curr\u00edculo) como personales, que les ayuden a comprender lo que ocurre a su alrededor y a responder adecuadamente a las situaciones que se planteen en etapas educativas y personales posteriores.<br>Lo esencial del Perfil de salida radica en que los retos planteados a\u00f1aden una exigencia de actuaci\u00f3n, que conecta con el enfoque competencial del curr\u00edculo donde: la meta no es la mera adquisici\u00f3n de contenidos, sino aprender a utilizarlos para solucionar necesidades presentes en la realidad.<br>Por ello, a trav\u00e9s de las diferentes materias, acompa\u00f1amiento tutorial, departamentos y campa\u00f1as de sensibilizaci\u00f3n, trabajamos en desarrollar su responsabilidad, estilo de vida saludable, esp\u00edritu cr\u00edtico, empat\u00eda y capacidad de implicaci\u00f3n, tanto en su propio proceso personal, como en las necesidades de su entorno. Trabajamos para hacer realidad nuestro lema \u201cPIEDAD Y LETRAS\u201d.<\/p>\n<h2 style=\"text-align: justify;\">2. Convivencia<\/h2>\n<p style=\"text-align: justify;\">Nuestro colegio est\u00e1 comprometido con la promoci\u00f3n de un clima de convivencia basado en el respeto y la tolerancia, donde todos los miembros de la comunidad educativa nos sintamos en un entorno seguro. Un clima escolar que garantice una educaci\u00f3n para todos y favorezca la prevenci\u00f3n, el tratamiento educativo de los conflictos y una intervenci\u00f3n efectiva en la regulaci\u00f3n de la convivencia escolar.<\/p>\n<h2 style=\"text-align: left;\">3. Innovaci\u00f3n educativa<\/h2>\n<p style=\"text-align: justify;\">Como centro, apostamos por la renovaci\u00f3n metodol\u00f3gica e incorporaci\u00f3n progresiva de metodolog\u00edas activas, en consonancia con el enfoque por competencias que nos plantea la LOMLOE: nuestro objetivo es poner a nuestros alumnos en el centro de su propio aprendizaje, haci\u00e9ndolos protagonistas y no meros receptores. En este sentido, fomentamos los aprendizajes significativos y aplicables a la pr\u00e1ctica, valorando los procesos, los trabajos y proyectos de investigaci\u00f3n, y la variedad de agrupaciones en el aula (trabajo individual, por parejas, cooperativo\u2026). Potenciamos el trabajo en equipo cooperativo como forma de potenciar la comunicaci\u00f3n y mejor manera de adquisici\u00f3n de los distintos apartados de contenidos, tanto acad\u00e9micos como las destrezas y actitudes.<\/p>\n\n\n<div style=\"height:40px\" aria-hidden=\"true\" class=\"wp-block-spacer\"><\/div>\n\n\n<div class=\"wp-block-image\">\n<figure class=\"aligncenter size-large\"><a href=\"https:\/\/escolapiosalcala.es\/ea_centro\/ea_blog\/centro\/wp-content\/uploads\/2024\/06\/Pri5.jpg\"><img decoding=\"async\" loading=\"lazy\" width=\"1024\" height=\"576\" src=\"https:\/\/escolapiosalcala.es\/ea_centro\/ea_blog\/centro\/wp-content\/uploads\/2024\/06\/Pri5-1024x576.jpg\" alt=\"\" class=\"wp-image-9233\" srcset=\"https:\/\/escolapiosalcala.es\/ea_centro\/ea_blog\/centro\/wp-content\/uploads\/2024\/06\/Pri5-1024x576.jpg 1024w, https:\/\/escolapiosalcala.es\/ea_centro\/ea_blog\/centro\/wp-content\/uploads\/2024\/06\/Pri5-300x169.jpg 300w, https:\/\/escolapiosalcala.es\/ea_centro\/ea_blog\/centro\/wp-content\/uploads\/2024\/06\/Pri5-768x432.jpg 768w, https:\/\/escolapiosalcala.es\/ea_centro\/ea_blog\/centro\/wp-content\/uploads\/2024\/06\/Pri5-1536x864.jpg 1536w, https:\/\/escolapiosalcala.es\/ea_centro\/ea_blog\/centro\/wp-content\/uploads\/2024\/06\/Pri5.jpg 1920w\" sizes=\"(max-width: 1024px) 100vw, 1024px\" \/><\/a><\/figure><\/div>\n\n\n<div style=\"height:40px\" aria-hidden=\"true\" class=\"wp-block-spacer\"><\/div>\n\n\n\n<div class=\"wp-block-media-text alignwide has-media-on-the-right is-stacked-on-mobile\"><div class=\"wp-block-media-text__content\">\n<p><p style=\"text-align: justify;\">Para fomentar el desarrollo de la competencia digital, disponemos de aula de inform\u00e1tica, dos carros con ordenadores port\u00e1tiles (60 dispositivos) y tablets (para usar en Infantil). Dichas herramientas, que posibilitan la investigaci\u00f3n, el manejo de programas inform\u00e1ticos y el trabajo en red, conviven con otros medios y recursos de aprendizaje tradicionales (pizarra, libro y cuaderno\u2026). Ense\u00f1amos a nuestro alumnado a hacer un uso responsable y seguro de estos recursos, que utilizan, tambi\u00e9n, para preparar sus presentaciones, con el uso de distintas aplicaciones.<\/p><\/p>\n<\/div><figure class=\"wp-block-media-text__media\"><img decoding=\"async\" loading=\"lazy\" width=\"1024\" height=\"576\" src=\"https:\/\/escolapiosalcala.es\/ea_centro\/ea_blog\/centro\/wp-content\/uploads\/2024\/06\/Pri5-1024x576.jpg\" alt=\"\" class=\"wp-image-9233 size-full\" srcset=\"https:\/\/escolapiosalcala.es\/ea_centro\/ea_blog\/centro\/wp-content\/uploads\/2024\/06\/Pri5-1024x576.jpg 1024w, https:\/\/escolapiosalcala.es\/ea_centro\/ea_blog\/centro\/wp-content\/uploads\/2024\/06\/Pri5-300x169.jpg 300w, https:\/\/escolapiosalcala.es\/ea_centro\/ea_blog\/centro\/wp-content\/uploads\/2024\/06\/Pri5-768x432.jpg 768w, https:\/\/escolapiosalcala.es\/ea_centro\/ea_blog\/centro\/wp-content\/uploads\/2024\/06\/Pri5-1536x864.jpg 1536w, https:\/\/escolapiosalcala.es\/ea_centro\/ea_blog\/centro\/wp-content\/uploads\/2024\/06\/Pri5.jpg 1920w\" sizes=\"(max-width: 1024px) 100vw, 1024px\" \/><\/figure><\/div>\n\n\n<h2 style=\"text-align: left;\">4. Atenci\u00f3n a la diversidad<\/h2>\n<p style=\"text-align: justify;\">Trabajamos con todos nuestros alumnos adapt\u00e1ndonos a sus caracter\u00edsticas y necesidades, a trav\u00e9s de diferentes recursos organizativos (apoyos ordinarios, aula de enlace, apoyos alumnos con necesidades, aulas de apoyo extenso y espec\u00edfico,), metodol\u00f3gicos (adecuaci\u00f3n evaluaci\u00f3n, grupos de trabajo, metodolog\u00edas activas, &#8230;)  y personales (plan de acci\u00f3n y seguimiento tutorial, programa de orientaci\u00f3n acad\u00e9mico, vocacional y profesional, planes de apoyo y refuerzo individualizados), bas\u00e1ndonos en la atenci\u00f3n a las diferencias, la tolerancia, la normalizaci\u00f3n y el crecimiento personal, como clave de la convivencia en el centro y desarrollo competencial e integral de nuestros alumnos.  <\/p>\n<h2 style=\"text-align: left;\">5. Evaluaci\u00f3n<\/h2>\n<p style=\"text-align: justify;\">En el apartado correspondiente se pueden consultar las diferentes materias de cada curso de Primaria, con sus criterios de calificaci\u00f3n.<\/p>\n<h3><a href=\"https:\/\/escolapiosalcala.es\/ea_centro\/ea_blog\/centro\/wp-content\/uploads\/2024\/10\/Documento-informacion-evaluacion-familias-1er.-CICLO-PRIMARIA.pdf\" target=\"_blank\" rel=\"noopener noreferrer\"><img decoding=\"async\" src=\"http:\/\/escolapiosalcala.es\/ea_centro\/ea_blog\/centro\/wp-content\/uploads\/2020\/05\/PDF-icono.png\" align=\"middle\"><\/a> <a href=\"https:\/\/escolapiosalcala.es\/ea_centro\/ea_blog\/centro\/wp-content\/uploads\/2024\/10\/Documento-informacion-evaluacion-familias-1er.-CICLO-PRIMARIA.pdf\" target=\"_blank\" rel=\"noopener noreferrer\">Primer Ciclo de Primaria<\/a><\/h3>\n<h3><a href=\"https:\/\/escolapiosalcala.es\/ea_centro\/ea_blog\/centro\/wp-content\/uploads\/2024\/10\/Documento-informacion-evaluacion-familias-2o-CICLO-PRIMARIA.pdf\" target=\"_blank\" rel=\"noopener noreferrer\"><img decoding=\"async\" src=\"http:\/\/escolapiosalcala.es\/ea_centro\/ea_blog\/centro\/wp-content\/uploads\/2020\/05\/PDF-icono.png\" align=\"middle\"><\/a> <a href=\"https:\/\/escolapiosalcala.es\/ea_centro\/ea_blog\/centro\/wp-content\/uploads\/2024\/10\/Documento-informacion-evaluacion-familias-2o-CICLO-PRIMARIA.pdf\" target=\"_blank\" rel=\"noopener noreferrer\">Segundo Ciclo de Primaria<\/a><\/h3>\n<h3><a href=\"https:\/\/escolapiosalcala.es\/ea_centro\/ea_blog\/centro\/wp-content\/uploads\/2024\/10\/Documento-informacion-evaluacion-familias-3er.-CICLO-PRIMARIA.pdf\" target=\"_blank\" rel=\"noopener noreferrer\"><img decoding=\"async\" src=\"http:\/\/escolapiosalcala.es\/ea_centro\/ea_blog\/centro\/wp-content\/uploads\/2020\/05\/PDF-icono.png\" align=\"middle\"><\/a> <a href=\"https:\/\/escolapiosalcala.es\/ea_centro\/ea_blog\/centro\/wp-content\/uploads\/2024\/10\/Documento-informacion-evaluacion-familias-3er.-CICLO-PRIMARIA.pdf\" target=\"_blank\" rel=\"noopener noreferrer\">Tercer Ciclo de Primaria<\/a><\/h3>\n\n\n<div style=\"height:40px\" aria-hidden=\"true\" class=\"wp-block-spacer\"><\/div>\n\n\n<div class=\"wp-block-image\">\n<figure class=\"aligncenter size-full\"><a href=\"https:\/\/escolapiosalcala.es\/ea_centro\/ea_blog\/centro\/wp-content\/uploads\/2024\/06\/Pri7.jpg\"><img decoding=\"async\" loading=\"lazy\" width=\"636\" height=\"477\" src=\"https:\/\/escolapiosalcala.es\/ea_centro\/ea_blog\/centro\/wp-content\/uploads\/2024\/06\/Pri7.jpg\" alt=\"\" class=\"wp-image-9251\" srcset=\"https:\/\/escolapiosalcala.es\/ea_centro\/ea_blog\/centro\/wp-content\/uploads\/2024\/06\/Pri7.jpg 636w, https:\/\/escolapiosalcala.es\/ea_centro\/ea_blog\/centro\/wp-content\/uploads\/2024\/06\/Pri7-300x225.jpg 300w\" sizes=\"(max-width: 636px) 100vw, 636px\" \/><\/a><\/figure><\/div>\n\n\n<div style=\"height:40px\" aria-hidden=\"true\" class=\"wp-block-spacer\"><\/div>\n\n\n<h2 style=\"text-align: left;\">6. BEDA<\/h2>\n<p style=\"text-align: justify;\">El Programa BEDA se enmarca en un intento de potenciar y mejorar la ense\u00f1anza del ingl\u00e9s desde FERE (Escuelas Cat\u00f3licas). Este programa gira alrededor de tres ejes fundamentales: incremento cuantitativo y cualitativo de la ense\u00f1anza del ingl\u00e9s; formaci\u00f3n espec\u00edfica del profesorado y evaluaci\u00f3n externa por parte de una instituci\u00f3n internacionalmente reconocida como es Cambridge ESOL Examinations, de la Universidad de Cambridge.<\/p>\n\n\n<div class=\"wp-block-media-text alignwide has-media-on-the-right is-stacked-on-mobile\"><div class=\"wp-block-media-text__content\">\n<p><p style=\"text-align: justify;\">En las etapas de Infantil y Primaria se trabaja con el incremento de horas de ingl\u00e9s con auxiliares de conversaci\u00f3n facilitados por Escuelas Cat\u00f3licas: de ese modo los alumnos no solamente tienen la posibilidad de practicar ingl\u00e9s con una persona de habla inglesa sino tambi\u00e9n conocer aspectos culturales que siempre son muy motivadores para el aprendizaje de lenguas extranjeras. Asimismo, se lleva a cabo la realizaci\u00f3n de los ex\u00e1menes de Cambridge para los alumnos que deseen presentarse. Tambi\u00e9n hay un refuerzo con nuestras actividades extraescolares en ingl\u00e9s.<\/p>\n<p>Las \u00e1reas de E. F\u00edsica y Arts (Pl\u00e1stica) , dentro de nuestro proyecto de biling\u00fcismo, tambi\u00e9n se imparten en ingl\u00e9s en toda la etapa de Primaria.<\/p><\/p>\n<\/div><figure class=\"wp-block-media-text__media\"><img decoding=\"async\" loading=\"lazy\" width=\"711\" height=\"523\" src=\"https:\/\/escolapiosalcala.es\/ea_centro\/ea_blog\/centro\/wp-content\/uploads\/2024\/06\/Pri8.jpg\" alt=\"\" class=\"wp-image-9258 size-full\" srcset=\"https:\/\/escolapiosalcala.es\/ea_centro\/ea_blog\/centro\/wp-content\/uploads\/2024\/06\/Pri8.jpg 711w, https:\/\/escolapiosalcala.es\/ea_centro\/ea_blog\/centro\/wp-content\/uploads\/2024\/06\/Pri8-300x221.jpg 300w\" sizes=\"(max-width: 711px) 100vw, 711px\" \/><\/figure><\/div>\n\n\n\n<div style=\"height:40px\" aria-hidden=\"true\" class=\"wp-block-spacer\"><\/div>\n\n\n<h2 style=\"text-align: left;\">7. Espacios e instalaciones<\/h2>\n<h3 style=\"text-align: left;\">a. Laboratorios<\/h3>\n\n\n<div class=\"wp-block-media-text alignwide is-stacked-on-mobile\" style=\"grid-template-columns:32% auto\"><figure class=\"wp-block-media-text__media\"><img decoding=\"async\" src=\"https:\/\/escolapiosalcala.es\/ea_centro\/ea_blog\/centro\/wp-content\/uploads\/2024\/06\/Pri9.jpg\" alt=\"\" class=\"wp-image-9258 size-full\"\/><\/figure><div class=\"wp-block-media-text__content\">\n<p><p style=\"text-align: justify;\">Queremos motivar a nuestros alumnos y alumnas para que su proceso de aprendizaje sea integral, competencial y educativo, utilizando para ello la experimentaci\u00f3n e investigaci\u00f3n, favoreciendo as\u00ed que crezca su descubrimiento en el ambiente m\u00e1s propicio.<\/p><\/p>\n<\/div><\/div>\n\n\n\n<div style=\"height:40px\" aria-hidden=\"true\" class=\"wp-block-spacer\"><\/div>\n\n\n<h3 style=\"text-align: left;\">b. Instalaciones deportivas<\/h3>\n<p style=\"text-align: justify;\">Contamos con una variedad de instalaciones deportivas, tanto exteriores (campo de f\u00fatbol de hierba artificial, pista de p\u00e1del, baloncesto, mini-basket\u2026) como interiores (pabell\u00f3n multiuso con pista de f\u00fatbol sala, balonmano, baloncesto, mini-basket, voleibol, b\u00e1dminton\u2026)<\/p>\n<p style=\"text-align: justify;\">Estas instalaciones nos posibilitan dar cobertura a extraescolares como pre-deporte (para los m\u00e1s peque\u00f1os), gimnasia r\u00edtmica, zumba, f\u00fatbol, baloncesto, voleibol o judo.<\/p>\n\n<div class=\"wp-block-image\">\n<figure class=\"aligncenter size-large\"><a href=\"https:\/\/escolapiosalcala.es\/ea_centro\/ea_blog\/centro\/wp-content\/uploads\/2024\/06\/Pri5.jpg\"><img decoding=\"async\" src=\"https:\/\/escolapiosalcala.es\/ea_centro\/ea_blog\/centro\/wp-content\/uploads\/2024\/06\/Pri104.jpg\" alt=\"\" class=\"wp-image-9233\"\/><\/a><\/figure><\/div>\n\n<p><\/p>\n<p style=\"text-align: justify;\">As\u00ed mismo, el tener nuestro propio club deportivo nos permite llevar a nuestros alumnos a competiciones federadas, con las que hacer presente a nuestro centro en toda la Comunidad de Madrid.<\/p>\n\n\n<div style=\"height:40px\" aria-hidden=\"true\" class=\"wp-block-spacer\"><\/div>\n\n\n<h3 style=\"text-align: left;\">c. Capilla<\/h3>\n<p style=\"text-align: justify;\">Disponemos de un espacio especialmente cuidado para las Celebraciones Lit\u00fargicas que se desarrollan en momentos especiales para la Iglesia o el Colegio (Adviento y Navidad, Semana de Calasanz, mi\u00e9rcoles de ceniza, Pascua y Final de curso).<\/p>\n<p style=\"text-align: justify;\">En estas celebraciones, preparadas de manera participativa e inclusiva, procuramos que nuestros alumnos tengan una vivencia de la fe alegre, liberadora y conectada con su vida y sus intereses. Es la forma de celebrar los valores que d\u00eda a d\u00eda tratamos de vivir en el Colegio. Todas las celebraciones est\u00e1n adaptadas a la edad y nivel de nuestro alumnado.<\/p>\n<p><\/p>\n\n<div class=\"wp-block-image\">\n<figure class=\"aligncenter size-large\"><a href=\"https:\/\/escolapiosalcala.es\/ea_centro\/ea_blog\/centro\/wp-content\/uploads\/2024\/06\/Pri5.jpg\"><img decoding=\"async\" src=\"https:\/\/escolapiosalcala.es\/ea_centro\/ea_blog\/centro\/wp-content\/uploads\/2024\/06\/Pri12.jpg\" alt=\"\" class=\"wp-image-9233\"\/><\/a><\/figure><\/div>\n\n\n<div style=\"height:40px\" aria-hidden=\"true\" class=\"wp-block-spacer\"><\/div>\n\n\n<h3 style=\"text-align: left;\">d. Comedor escolar<\/h3>\n<p style=\"text-align: justify;\">El servicio de <a href=\"https:\/\/escolapiosalcala.es\/ea_centro\/ea_blog\/centro\/comedor\/\" target=\"_blank\" rel=\"noopener noreferrer\">comedor escolar<\/a> del Colegio cuenta con cocina propia, men\u00fas equilibrados y personal cualificado de cocina y comedor.<\/p>\n<p><\/p>\n\n\n<div style=\"height:40px\" aria-hidden=\"true\" class=\"wp-block-spacer\"><\/div>\n\n\n<h3 style=\"text-align: left;\">e. Enfermer\u00eda<\/h3>\n<p style=\"text-align: justify;\">Contamos con un servicio de <a href=\"http:\/\/escolapiosalcala.es\/ea_centro\/ea_blog\/centro\/enfermeria\" target=\"_blank\" rel=\"noopener noreferrer\">enfermer\u00eda<\/a> opcional en el que nuestra enfermera atiende a las necesidades sanitarias de nuestro alumnado, prepara e imparte talleres de educaci\u00f3n para la salud (para todos los niveles educativos del colegio) y supervisa los men\u00fas de nuestros alumnos\/as con distintas alergias e intolerancias alimentarias.<\/p>","protected":false},"excerpt":{"rendered":"<p>0. Horario (jornada partida) Jornada de ma\u00f1ana: 9.00h a 12:50hJornada de tarde: 15.00h a 16:40h(A partir del curso 24-25) 1. Perfil de salida del alumno de Primaria El horizonte de esta etapa es que nuestros alumnos desarrollen aquellas competencias y habilidades, tanto acad\u00e9micas (conocimientos, destrezas y actitudes abordadas desde las distintas \u00e1reas, \u00e1mbitos y materias&hellip; <br \/> <a class=\"read-more\" href=\"https:\/\/escolapiosalcala.es\/ea_centro\/ea_blog\/centro\/educacion-primaria\/\">Leer m\u00e1s<\/a><\/p>\n","protected":false},"author":1,"featured_media":0,"parent":0,"menu_order":0,"comment_status":"closed","ping_status":"closed","template":"","meta":[],"_links":{"self":[{"href":"https:\/\/escolapiosalcala.es\/ea_centro\/ea_blog\/centro\/wp-json\/wp\/v2\/pages\/71"}],"collection":[{"href":"https:\/\/escolapiosalcala.es\/ea_centro\/ea_blog\/centro\/wp-json\/wp\/v2\/pages"}],"about":[{"href":"https:\/\/escolapiosalcala.es\/ea_centro\/ea_blog\/centro\/wp-json\/wp\/v2\/types\/page"}],"author":[{"embeddable":true,"href":"https:\/\/escolapiosalcala.es\/ea_centro\/ea_blog\/centro\/wp-json\/wp\/v2\/users\/1"}],"replies":[{"embeddable":true,"href":"https:\/\/escolapiosalcala.es\/ea_centro\/ea_blog\/centro\/wp-json\/wp\/v2\/comments?post=71"}],"version-history":[{"count":69,"href":"https:\/\/escolapiosalcala.es\/ea_centro\/ea_blog\/centro\/wp-json\/wp\/v2\/pages\/71\/revisions"}],"predecessor-version":[{"id":9526,"href":"https:\/\/escolapiosalcala.es\/ea_centro\/ea_blog\/centro\/wp-json\/wp\/v2\/pages\/71\/revisions\/9526"}],"wp:attachment":[{"href":"https:\/\/escolapiosalcala.es\/ea_centro\/ea_blog\/centro\/wp-json\/wp\/v2\/media?parent=71"}],"curies":[{"name":"wp","href":"https:\/\/api.w.org\/{rel}","templated":true}]}}