{"id":55,"date":"2016-01-26T10:46:14","date_gmt":"2016-01-26T10:46:14","guid":{"rendered":"http:\/\/escolapiosalcala.es\/ea_centro\/ea_blog\/centro\/?page_id=55"},"modified":"2025-06-09T16:42:50","modified_gmt":"2025-06-09T15:42:50","slug":"consejo-escolar","status":"publish","type":"page","link":"https:\/\/escolapiosalcala.es\/ea_centro\/ea_blog\/centro\/consejo-escolar\/","title":{"rendered":"Consejo Escolar"},"content":{"rendered":"<p style=\"text-align: justify;\"><a href=\"http:\/\/escolapiosalcala.es\/ea_centro\/ea_blog\/centro\/wp-content\/uploads\/2016\/01\/ConsejoEscolar.jpg\" rel=\"attachment wp-att-1012\"><img decoding=\"async\" loading=\"lazy\" class=\" wp-image-1012 alignright\" src=\"http:\/\/escolapiosalcala.es\/ea_centro\/ea_blog\/centro\/wp-content\/uploads\/2016\/01\/ConsejoEscolar.jpg\" alt=\"ConsejoEscolar\" width=\"556\" height=\"313\" srcset=\"https:\/\/escolapiosalcala.es\/ea_centro\/ea_blog\/centro\/wp-content\/uploads\/2016\/01\/ConsejoEscolar.jpg 560w, https:\/\/escolapiosalcala.es\/ea_centro\/ea_blog\/centro\/wp-content\/uploads\/2016\/01\/ConsejoEscolar-300x169.jpg 300w\" sizes=\"(max-width: 556px) 100vw, 556px\" \/><\/a>A trav\u00e9s de este \u00f3rgano todos los miembros de la comunidad educativa participan en el gobierno de los centros escolares. Permite que la acci\u00f3n educativa de todos los sectores se encamine en una misma direcci\u00f3n.<\/p>\n<p style=\"text-align: justify;\">Padres y madres, alumnos, profesores y personal no docente poseen voz y voto en la gesti\u00f3n de los centros, gracias a la representaci\u00f3n que todos los sectores de la comunidad educativa tienen en los miembros de los consejos escolares, la mayor\u00eda de las decisiones importantes que se toman en un centro educativo deben pasar por este \u00f3rgano de gobierno.<\/p>\n<p style=\"text-align: justify;\">El Presidente del Consejo, el director general del centro , convoca las reuniones. Tiene que haber al menos una reuni\u00f3n por trimestre fuera del horario escolar y se levanta acta de cada reuni\u00f3n.<\/p>\n<p style=\"text-align: justify;\">En estas reuniones, al menos:<\/p>\n<ul style=\"text-align: justify;\">\n<li>Se aprueban los presupuestos del Centro.<\/li>\n<li>Se aprueba el balance econ\u00f3mico.<\/li>\n<li>Se aprueba el PGA (Programaci\u00f3n General Anual) y la \u00faltima Memoria Anual<\/li>\n<\/ul>\n<p>La composici\u00f3n actual de nuestro consejo escolar es la siguiente:<\/p>\n<p>A) <strong>Director \/ Presidente<\/strong>: GALLEGO PASTOR, RAQUEL<\/p>\n<p>B) <strong>Representantes de la titularidad del Centro<\/strong>: GONZ\u00c1LEZ MART\u00cdN, JOSE. SOLANO DOTOR, JOSE MIGUEL. ARROJO NAVARRO, M\u00aa. ESTHER.<\/p>\n<p>C) <strong>Representantes del profesorado<\/strong>: BATANERO L\u00d3PEZ, ELENA. CARRACEDO OLIVA, JORGE. RODR\u00cdGUEZ L\u00d3PEZ, ANA. PASTOR RANZ, LUISA.<\/p>\n<p>D) <strong>Representantes de los padres<\/strong>: RUBIA AVIL\u00c9S, EVA M\u00aa. GESTO BARROSO, NOEM\u00cd. FRANCISCO TARD\u00d3N, EVA. D\u00cdAZ DEL CONSUELO, JULIA.<\/p>\n<p>E) <strong>Representantes del alumnado<\/strong>: MERINO REVILLA, LEYRE. CALBUIG LISBONA, LUC\u00cdA.<\/p>\n<p>F) <strong>Representantes del personal no docente<\/strong>: FABI\u00c1N P\u00c9REZ, CARMEN.<u><\/u><u><\/u><\/p>\n\n\n<div style=\"height:54px\" aria-hidden=\"true\" class=\"wp-block-spacer\"><\/div>\n\n\n<h2 style=\"text-align: left;\"><a href=\"https:\/\/www.comunidad.madrid\/gobierno\/espacios-profesionales\/elecciones-consejos-escolares\" target=\"_blank\" rel=\"noopener noreferrer\">Elecciones al Consejo Escolar<\/a><\/h2>\n<h3><a href=\"http:\/\/escolapiosalcala.es\/ea_centro\/ea_blog\/centro\/wp-content\/uploads\/2020\/11\/EC05538-Anexo-III-Normas-electorales-Para-la-eleccion-de-representantes-del-Consejo-Escolar-del-Centro-04-10-2016-1.pdf\" target=\"_blank\" rel=\"noopener noreferrer\"><img decoding=\"async\" src=\"http:\/\/escolapiosalcala.es\/ea_centro\/ea_blog\/centro\/wp-content\/uploads\/2020\/05\/PDF-icono.png\" align=\"center\"><\/a> <a href=\"http:\/\/escolapiosalcala.es\/ea_centro\/ea_blog\/centro\/wp-content\/uploads\/2020\/11\/EC05538-Anexo-III-Normas-electorales-Para-la-eleccion-de-representantes-del-Consejo-Escolar-del-Centro-04-10-2016-1.pdf\" target=\"_blank\" rel=\"noopener noreferrer\"> Normas electorales para la elecci\u00f3n de representantes en el Consejo Escolar<\/a><\/h3>","protected":false},"excerpt":{"rendered":"<p>A trav\u00e9s de este \u00f3rgano todos los miembros de la comunidad educativa participan en el gobierno de los centros escolares. Permite que la acci\u00f3n educativa de todos los sectores se encamine en una misma direcci\u00f3n. Padres y madres, alumnos, profesores y personal no docente poseen voz y voto en la gesti\u00f3n de los centros, gracias&hellip; <br \/> <a class=\"read-more\" href=\"https:\/\/escolapiosalcala.es\/ea_centro\/ea_blog\/centro\/consejo-escolar\/\">Leer m\u00e1s<\/a><\/p>\n","protected":false},"author":1,"featured_media":0,"parent":0,"menu_order":0,"comment_status":"closed","ping_status":"closed","template":"","meta":[],"_links":{"self":[{"href":"https:\/\/escolapiosalcala.es\/ea_centro\/ea_blog\/centro\/wp-json\/wp\/v2\/pages\/55"}],"collection":[{"href":"https:\/\/escolapiosalcala.es\/ea_centro\/ea_blog\/centro\/wp-json\/wp\/v2\/pages"}],"about":[{"href":"https:\/\/escolapiosalcala.es\/ea_centro\/ea_blog\/centro\/wp-json\/wp\/v2\/types\/page"}],"author":[{"embeddable":true,"href":"https:\/\/escolapiosalcala.es\/ea_centro\/ea_blog\/centro\/wp-json\/wp\/v2\/users\/1"}],"replies":[{"embeddable":true,"href":"https:\/\/escolapiosalcala.es\/ea_centro\/ea_blog\/centro\/wp-json\/wp\/v2\/comments?post=55"}],"version-history":[{"count":27,"href":"https:\/\/escolapiosalcala.es\/ea_centro\/ea_blog\/centro\/wp-json\/wp\/v2\/pages\/55\/revisions"}],"predecessor-version":[{"id":10019,"href":"https:\/\/escolapiosalcala.es\/ea_centro\/ea_blog\/centro\/wp-json\/wp\/v2\/pages\/55\/revisions\/10019"}],"wp:attachment":[{"href":"https:\/\/escolapiosalcala.es\/ea_centro\/ea_blog\/centro\/wp-json\/wp\/v2\/media?parent=55"}],"curies":[{"name":"wp","href":"https:\/\/api.w.org\/{rel}","templated":true}]}}