{"id":4853,"date":"2020-05-11T15:11:23","date_gmt":"2020-05-11T15:11:23","guid":{"rendered":"http:\/\/escolapiosalcala.es\/ea_centro\/ea_blog\/centro\/?page_id=4853"},"modified":"2026-01-22T19:09:54","modified_gmt":"2026-01-22T18:09:54","slug":"puertas-abiertas-etapas","status":"publish","type":"page","link":"https:\/\/escolapiosalcala.es\/ea_centro\/ea_blog\/centro\/puertas-abiertas-etapas\/","title":{"rendered":"Puertas abiertas ETAPAS"},"content":{"rendered":"<div class=\"section-title-col\" data-type=\"column\">\n<h2 class=\"\">Conoce nuestro colegio<\/h2>\n<\/div>\n<div class=\"wp-block-group has-background\" style=\"background-color: #f5f5f5; padding: 2em; border-radius: 8px;\">\n<h3>\u00a1Descubre cada rinc\u00f3n con nuestras visitas guiadas!<\/h3>\n<p>Vive una experiencia \u00fanica. Escr\u00edbenos para organizar tu visita y te enviaremos todos los detalles.<\/p>\n<div><center><a class=\"button blue\" href=\"https:\/\/escolapiosalcala.es\/ea_centro\/ea_blog\/centro\/puertas-abiertas-virtual-formulario-de-contacto\/\" target=\"_blank\" rel=\"noopener noreferrer\" data-cp-link=\"1\">Formulario de contacto<\/a><\/center><\/div>\n<\/div>\n\n\n<figure class=\"wp-block-embed is-type-video is-provider-youtube wp-block-embed-youtube wp-embed-aspect-16-9 wp-has-aspect-ratio\"><div class=\"wp-block-embed__wrapper\">\n<div class='embed-container'><iframe loading=\"lazy\" title=\"V\u00eddeo Promocional ESCUELAS P\u00cdAS ALCALA DE HENARES\" width=\"1920\" height=\"1080\" src=\"https:\/\/www.youtube.com\/embed\/eGdFZae-5Dk?feature=oembed\" frameborder=\"0\" allow=\"accelerometer; autoplay; clipboard-write; encrypted-media; gyroscope; picture-in-picture; web-share\" referrerpolicy=\"strict-origin-when-cross-origin\" allowfullscreen><\/iframe><\/div>\n<\/div><\/figure>\n\n\n<div id=\"team-2\" class=\"team-2 content-section content-section-spacing\" style=\"background-color: #ffffff; background-image: none;\" data-label=\"Team\" data-id=\"team-2\" data-export-id=\"team-2\" data-category=\"team\">\n<div class=\"gridContainer\">\n<div class=\"row spaced-cols content-center-sm\" data-type=\"row\">\n<div class=\"col-sm-6 col-md-3\">\n<div class=\"card y-move no-padding bordered\"><a href=\"https:\/\/escolapiosalcala.es\/ea_centro\/ea_blog\/centro\/educacion-infantil\/\"><img decoding=\"async\" loading=\"lazy\" class=\"aligncenter size-full wp-image-10448\" src=\"https:\/\/escolapiosalcala.es\/ea_centro\/ea_blog\/centro\/wp-content\/uploads\/2026\/01\/infantil-1.jpeg\" alt=\"\" width=\"768\" height=\"576\" srcset=\"https:\/\/escolapiosalcala.es\/ea_centro\/ea_blog\/centro\/wp-content\/uploads\/2026\/01\/infantil-1.jpeg 768w, https:\/\/escolapiosalcala.es\/ea_centro\/ea_blog\/centro\/wp-content\/uploads\/2026\/01\/infantil-1-300x225.jpeg 300w\" sizes=\"(max-width: 768px) 100vw, 768px\" \/><\/a><p><\/p>\n<div class=\"col-padding-small col-padding-small-xs description-container\" data-type=\"column\">\n<h3 class=\"font-500\"><strong>Ed. Infantil<\/strong><\/h3>\n<\/div>\n<\/div>\n<\/div>\n<div class=\"col-sm-6 col-md-3\">\n<div class=\"card y-move no-padding bordered\">\n<p><a href=\"https:\/\/escolapiosalcala.es\/ea_centro\/ea_blog\/centro\/educacion-primaria\/\"><img decoding=\"async\" loading=\"lazy\" class=\"aligncenter size-full wp-image-4940\" src=\"https:\/\/escolapiosalcala.es\/ea_centro\/ea_blog\/centro\/wp-content\/uploads\/2024\/02\/foto-8-1.jpg\" alt=\"\" width=\"768\" height=\"576\"><\/a><\/p>\n<div class=\"col-padding-small col-padding-small-xs description-container\" data-type=\"column\">\n<h3 class=\"font-500\"><strong>Ed. Primaria<\/strong><\/h3>\n<\/div>\n<\/div>\n<\/div>\n<div class=\"col-sm-6 col-md-3\">\n<div class=\"card y-move no-padding bordered\">\n<p><a href=\"https:\/\/escolapiosalcala.es\/ea_centro\/ea_blog\/centro\/eso\/\"><img decoding=\"async\" loading=\"lazy\" class=\"aligncenter size-full wp-image-10445\" src=\"https:\/\/escolapiosalcala.es\/ea_centro\/ea_blog\/centro\/wp-content\/uploads\/2026\/01\/eso-2.jpg\" alt=\"\" width=\"768\" height=\"576\" srcset=\"https:\/\/escolapiosalcala.es\/ea_centro\/ea_blog\/centro\/wp-content\/uploads\/2026\/01\/eso-2.jpg 768w, https:\/\/escolapiosalcala.es\/ea_centro\/ea_blog\/centro\/wp-content\/uploads\/2026\/01\/eso-2-300x225.jpg 300w\" sizes=\"(max-width: 768px) 100vw, 768px\" \/><\/a><\/p>\n<div class=\"col-padding-small col-padding-small-xs description-container\" data-type=\"column\">\n<h3 class=\"font-500\"><strong>Ed. Secundaria<\/strong><\/h3>\n<\/div>\n<\/div>\n<\/div>\n<div class=\"col-sm-6 col-md-3\">\n<div class=\"card y-move no-padding bordered\">\n<p><a href=\"https:\/\/escolapiosalcala.es\/ea_centro\/ea_blog\/centro\/puertas-abiertas-virtual-ppme\/\"><img decoding=\"async\" loading=\"lazy\" class=\"aligncenter size-full wp-image-10457\" src=\"https:\/\/escolapiosalcala.es\/ea_centro\/ea_blog\/centro\/wp-content\/uploads\/2026\/01\/118549841.jpg\" alt=\"\" width=\"768\" height=\"576\" srcset=\"https:\/\/escolapiosalcala.es\/ea_centro\/ea_blog\/centro\/wp-content\/uploads\/2026\/01\/118549841.jpg 768w, https:\/\/escolapiosalcala.es\/ea_centro\/ea_blog\/centro\/wp-content\/uploads\/2026\/01\/118549841-300x225.jpg 300w\" sizes=\"(max-width: 768px) 100vw, 768px\" \/><\/a><\/p>\n<div class=\"col-padding-small col-padding-small-xs description-container\" data-type=\"column\">\n<h3 class=\"font-500\"><strong>PPME<\/strong><\/h3>\n<\/div>\n<\/div>\n<\/div>\n<\/div>\n<\/div>\n<\/div>\n<div id=\"team-1\" class=\"team-2 content-section content-section-spacing\" style=\"background-color: #ffffff; background-image: none;\" data-label=\"Team\" data-id=\"team--1\" data-export-id=\"team-2\" data-category=\"team\">\n<div class=\"gridContainer\">\n<div class=\"row text-center\">\n<div class=\"section-title-col\" data-type=\"column\">&nbsp;<\/div>\n<\/div>\n<div class=\"row spaced-cols content-center-sm\" data-type=\"row\">\n<div class=\"col-sm-6 col-md-4 \">\n<div class=\"card y-move no-padding bordered\"><a href=\"http:\/\/escolapiosalcala.es\/ea_centro\/ea_blog\/centro\/puertas-abiertas-virtual-aulas-teas\/\" target=\"_blank\" rel=\"noopener noreferrer\"><img decoding=\"async\" loading=\"lazy\" class=\"aligncenter size-full wp-image-4938\" src=\"https:\/\/escolapiosalcala.es\/ea_centro\/ea_blog\/centro\/wp-content\/uploads\/2022\/03\/TEA.png\" alt=\"\" width=\"406\" height=\"296\"><\/a><p><\/p>\n<div class=\"col-padding-small col-padding-small-xs description-container\" data-type=\"column\">\n<h3 class=\"font-500\" style=\"text-align: center;\"><strong>Aulas de apoyo extenso y especializado para TEA<\/strong><\/h3>\n<div class=\"social-icons-group\" data-type=\"group\">&nbsp;<\/div>\n<\/div>\n<\/div>\n<\/div>\n<div class=\"col-sm-6 col-md-4 \">\n<div class=\"card y-move no-padding bordered\"><a href=\"http:\/\/escolapiosalcala.es\/ea_centro\/ea_blog\/centro\/puertas-abiertas-virtual-doe\/\" target=\"_blank\" rel=\"noopener noreferrer\"><img decoding=\"async\" loading=\"lazy\" class=\"aligncenter size-full wp-image-4938\" src=\"https:\/\/escolapiosalcala.es\/ea_centro\/ea_blog\/centro\/wp-content\/uploads\/2024\/02\/2.png\" alt=\"\" width=\"406\" height=\"296\"><\/a><p><\/p>\n<div class=\"col-padding-small col-padding-small-xs description-container\" data-type=\"column\">\n<h3 class=\"font-500\" style=\"text-align: center;\"><strong>Orientaci\u00f3n Educativa<\/strong><\/h3>\n<div class=\"social-icons-group\" data-type=\"group\">&nbsp;<\/div>\n<\/div>\n<\/div>\n<\/div>\n<div class=\"col-sm-6 col-md-4 \">\n<div class=\"card y-move no-padding bordered\"><a href=\"https:\/\/escolapiosalcala.es\/ea_centro\/ea_blog\/centro\/enfermeria\/\" target=\"_blank\" rel=\"noopener\"><img decoding=\"async\" loading=\"lazy\" class=\"aligncenter size-full wp-image-8866\" src=\"https:\/\/escolapiosalcala.es\/ea_centro\/ea_blog\/centro\/wp-content\/uploads\/2024\/02\/enfermeria2.jpg\" alt=\"\" width=\"406\" height=\"296\"><\/a><p><\/p>\n<div class=\"col-padding-small col-padding-small-xs description-container\" data-type=\"column\">\n<h3 class=\"font-500\" style=\"text-align: center;\"><strong>Enfermer\u00eda escolar<\/strong><\/h3>\n<div class=\"social-icons-group\" data-type=\"group\">&nbsp;<\/div>\n<\/div>\n<\/div>\n<\/div>\n<\/div>\n<\/div>\n<\/div>\n<div id=\"team-2\" class=\"team-2 content-section content-section-spacing\" style=\"background-color: #ffffff; background-image: none;\" data-label=\"Team\" data-id=\"team-2\" data-export-id=\"team-2\" data-category=\"team\">\n<div class=\"gridContainer\">\n<div class=\"row spaced-cols content-center-sm\" data-type=\"row\">\n<div class=\"col-sm-6 col-md-3\">&nbsp;<\/div>\n<div class=\"col-sm-6 col-md-3\">\n<div class=\"card y-move no-padding bordered\"><a href=\"http:\/\/escolapiosalcala.es\/ea_centro\/ea_blog\/centro\/puertas-abiertas-virtual-cdc-escolapios-alcala\/\" target=\"_blank\" rel=\"noopener noreferrer\"><img decoding=\"async\" loading=\"lazy\" class=\"aligncenter size-full wp-image-4938\" src=\"http:\/\/escolapiosalcala.es\/ea_centro\/ea_blog\/centro\/wp-content\/uploads\/2020\/06\/cdc2.png\" alt=\"\" width=\"768\" height=\"576\"><\/a><p><\/p>\n<h3 class=\"font-500\"><strong>CDC<\/strong><\/h3>\n<h3 class=\"font-500\"><strong>Escolapios Alcal\u00e1<\/strong><\/h3>\n<\/div>\n<\/div>\n<div class=\"col-sm-6 col-md-3\">\n<div class=\"card y-move no-padding bordered\">\n<p><a href=\"https:\/\/escolapiosalcala.es\/ea_centro\/ea_blog\/centro\/extraescolares\/\"><img decoding=\"async\" loading=\"lazy\" class=\"aligncenter size-full wp-image-10405\" src=\"https:\/\/escolapiosalcala.es\/ea_centro\/ea_blog\/centro\/wp-content\/uploads\/2026\/01\/campo-de-hierba.jpg\" alt=\"\" width=\"1000\" height=\"750\" srcset=\"https:\/\/escolapiosalcala.es\/ea_centro\/ea_blog\/centro\/wp-content\/uploads\/2026\/01\/campo-de-hierba.jpg 1000w, https:\/\/escolapiosalcala.es\/ea_centro\/ea_blog\/centro\/wp-content\/uploads\/2026\/01\/campo-de-hierba-300x225.jpg 300w, https:\/\/escolapiosalcala.es\/ea_centro\/ea_blog\/centro\/wp-content\/uploads\/2026\/01\/campo-de-hierba-768x576.jpg 768w\" sizes=\"(max-width: 1000px) 100vw, 1000px\" \/><\/a><\/p>\n<div class=\"col-padding-small col-padding-small-xs description-container\" data-type=\"column\">\n<h3 class=\"font-500\"><strong>Actividades extraescolares<\/strong><\/h3>\n<\/div>\n<\/div>\n<\/div>\n<div class=\"col-sm-6 col-md-3\">&nbsp;<\/div>\n<\/div>\n<\/div>\n<\/div>","protected":false},"excerpt":{"rendered":"<p>Conoce nuestro colegio \u00a1Descubre cada rinc\u00f3n con nuestras visitas guiadas! Vive una experiencia \u00fanica. Escr\u00edbenos para organizar tu visita y te enviaremos todos los detalles. Formulario de contacto Ed. Infantil Ed. Primaria Ed. Secundaria PPME &nbsp; Aulas de apoyo extenso y especializado para TEA &nbsp; Orientaci\u00f3n Educativa &nbsp; Enfermer\u00eda escolar &nbsp; &nbsp; CDC Escolapios Alcal\u00e1&hellip; <br \/> <a class=\"read-more\" href=\"https:\/\/escolapiosalcala.es\/ea_centro\/ea_blog\/centro\/puertas-abiertas-etapas\/\">Leer m\u00e1s<\/a><\/p>\n","protected":false},"author":1,"featured_media":0,"parent":0,"menu_order":0,"comment_status":"closed","ping_status":"closed","template":"","meta":[],"_links":{"self":[{"href":"https:\/\/escolapiosalcala.es\/ea_centro\/ea_blog\/centro\/wp-json\/wp\/v2\/pages\/4853"}],"collection":[{"href":"https:\/\/escolapiosalcala.es\/ea_centro\/ea_blog\/centro\/wp-json\/wp\/v2\/pages"}],"about":[{"href":"https:\/\/escolapiosalcala.es\/ea_centro\/ea_blog\/centro\/wp-json\/wp\/v2\/types\/page"}],"author":[{"embeddable":true,"href":"https:\/\/escolapiosalcala.es\/ea_centro\/ea_blog\/centro\/wp-json\/wp\/v2\/users\/1"}],"replies":[{"embeddable":true,"href":"https:\/\/escolapiosalcala.es\/ea_centro\/ea_blog\/centro\/wp-json\/wp\/v2\/comments?post=4853"}],"version-history":[{"count":95,"href":"https:\/\/escolapiosalcala.es\/ea_centro\/ea_blog\/centro\/wp-json\/wp\/v2\/pages\/4853\/revisions"}],"predecessor-version":[{"id":10460,"href":"https:\/\/escolapiosalcala.es\/ea_centro\/ea_blog\/centro\/wp-json\/wp\/v2\/pages\/4853\/revisions\/10460"}],"wp:attachment":[{"href":"https:\/\/escolapiosalcala.es\/ea_centro\/ea_blog\/centro\/wp-json\/wp\/v2\/media?parent=4853"}],"curies":[{"name":"wp","href":"https:\/\/api.w.org\/{rel}","templated":true}]}}